What are the prime factors of u?
3, 151
Suppose -697*z + 4*r = -695*z - 45824, -68680 = -3*z - 2*r. What are the prime factors of z?
2, 107
Suppose 60*a = 41*a. Suppose a = 5*s + 2*h - 6928, -627 = 4*s - 3*h - 6174. List the prime factors of s.
2, 3, 7, 11
Suppose -5*b = -4*p + 7789, 0 = -6*b + 5*b + 5*p - 1541. Let o = b + 2283. List the prime factors of o.
2, 19
Let y(n) = 74*n**2 - 14*n + 3. Let d be y(4). Suppose 5*x + 4*t = 2545, 5*x + t - 3676 + d = 0. What are the prime factors of x?
509
Let o be 4/1 + -3 + -48. Let a = -39 - o. Suppose 2*t = 3*h + 46, a*t - 92 = 3*t - 4*h. What are the prime factors of t?
2, 5
Let q = -18560 + 68058. List the prime factors of q.
2, 24749
Suppose -q = -4*r + 9, 3*r = -q + 4*q + 18. List the prime factors of (-1)/3*3345/q.
223
Let r(t) = 2*t**2 - 8*t - 507. Let z be r(0). Let n = -188 - z. What are the prime factors of n?
11, 29
Let l(g) = -2*g**3 + 69*g**2 + 37*g - 67. Let x be l(35). What are the prime factors of -914*(x + (-21)/6)?
457
Let z = 12539 + -5499. Suppose -8*p = 8*p - z. What are the prime factors of p?
2, 5, 11
Let p = 2859 + -2039. Suppose 5*n = -a + 419 + p, -n + 3*a + 235 = 0. List the prime factors of n.
13, 19
Suppose 1077 = 4*t - 367. Suppose -3*z = -5*a - 513, 0 = -2*z - 2*a - a + t. Suppose 0 = -7*x + z + 13. What are the prime factors of x?
3
Suppose -3*p - 156 - 199 = -2*w, 4*w = 4*p + 472. Let v = 316 + p. What are the prime factors of v?
197
Let s(y) = y**3 - 5*y**2 + 11*y + 8. Suppose -2*g - 66 = -78. List the prime factors of s(g).
2, 5, 11
Let d(r) = 40*r**3 + 3*r**2 + r - 3. Let i be d(1). Let n = 44 - i. Suppose -n*b = -5*f + 75, -4*f - b + 87 = 2*b. What are the prime factors of f?
2, 3
Let s(q) = -q**2 + 14*q - 47. Suppose -21 = -z - 3*w, -3*w = -2*z - w + 10. Let x be s(z). What are the prime factors of 5 + 77 + (-10)/x?
3, 29
Let h(k) be the third derivative of k**6/60 - 4*k**5/5 + 5*k**4/12 + 13*k**3/6 - 9*k**2 + 8. List the prime factors of h(24).
11, 23
What are the prime factors of (6620 - 0)*220/275?
2, 331
Let b be -1 - (-181 - -1) - (-72 - -81). Let z be 304/(-6) + (-1)/3. Let j = b + z. List the prime factors of j.
7, 17
Let n = -365 - -364. List the prime factors of n/((-1)/(-2)) + (660 - -52).
2, 5, 71
Let a(j) = j + 24 + 27*j + 36*j. Let f be a(4). Suppose 8*s - 6*s - f = 0. List the prime factors of s.
2, 5, 7
Let p(u) be the third derivative of u**4/8 + 19*u**3/6 + 10*u**2. Let g be p(-7). List the prime factors of 108 - (g + 3/(-3)).
3, 37
Let h = -2235 - -1180. List the prime factors of -5*8/(-140) + h/(-7).
151
Let h(d) = -173*d + 48. Let o be h(5). Let m = o + 1280. List the prime factors of m.
463
Suppose 2*j - 1 = 5. Suppose 0 = -4*l + 5*x, -19 = -2*l - j*x + 3. Suppose 3*o - 349 = l*y, 2*o + 3*y + 0*y - 201 = 0. List the prime factors of o.
2, 3
Suppose 2*u + 3*g + 0*g = -49, -3*g = -2*u - 31. Let h be 6*2/u*15/(-3). List the prime factors of 36 + h - 6/(-2).
2, 3, 7
Let h = -2483 + 6888. What are the prime factors of h?
5, 881
Suppose -5039891 = -188*d - 1213527. List the prime factors of d.
20353
Let m(l) = -3559*l - 1029. List the prime factors of m(-5).
2, 83, 101
Let w(d) = -d**3 - 2*d**2 - 3*d - 3. Let r be w(-2). Let k = 2973 + -2977. What are the prime factors of 149 - ((k - -2) + r)?
2, 37
Suppose 2855*k + 41437 = m + 2853*k, -4*k + 207213 = 5*m. List the prime factors of m.
29, 1429
Suppose -1 + 6 = v. Suppose -x - 1088 = -v*x. Let c = -180 + x. What are the prime factors of c?
2, 23
Let p(y) = 22*y**2 + 13*y + 153. Let x be p(-11). Suppose 0 = -k - 3*j + 1356, -2*k = -4*j + 2*j - x. List the prime factors of k.
3, 149
Let n be (11 - 12)*(-7 - 0). Suppose -556 = -n*j + 480. Let x = 234 - j. List the prime factors of x.
2, 43
Let g = 165 + 54. Let t = g - 124. What are the prime factors of t?
5, 19
Let f be 2/(-3)*27/(-6). Let k be 2/((f - 149/37) + 1). Let t = k + 86. List the prime factors of t.
2, 3
Suppose d + 9 - 19 = 0. Let p be -299 + (d - 9)/((-2)/(-6)). Let f = -168 - p. List the prime factors of f.
2
Suppose 5*b = -2*r + 169852, -13*r + 14*r = b - 33976. What are the prime factors of b?
2, 3, 19, 149
Let k = 8201 - 7752. List the prime factors of k.
449
Suppose 3*m - 5*o = 50226, -5*m + 143*o = 144*o - 83654. What are the prime factors of m?
2, 47, 89
Let t be (2 + -8)/(2/13). Let w = -940 - -1052. Let j = w + t. What are the prime factors of j?
73
Suppose -3*m - j = 129 - 2199, j - 1380 = -2*m. Let g = m + -319. List the prime factors of g.
7, 53
Suppose 0 = -62*l - 151*l + 1897830. List the prime factors of l.
2, 3, 5, 11
Let x be 100/26 - (-40)/260. Let n be (-1)/(x/8 - 1) - 157. Let d = n - -401. What are the prime factors of d?
2, 3, 41
Let i(g) = 7*g - 43. Let x be i(6). List the prime factors of (792/308)/(x/(-77)).
2, 3, 11
Let m = 146 - 150. What are the prime factors of m + 2/((-8)/(-620))?
151
Suppose -62*o + 708993 = 2*o + 17*o. List the prime factors of o.
8753
Let o = 1400 - 29. Suppose 7*w = -f + 3*w + 255, -5*f = -4*w - o. List the prime factors of f.
271
Let f(a) be the second derivative of 5*a**3/2 - 6*a**2 + 2*a - 68. Suppose 2*l - 5*n = 6*l - 1, l = -n + 1. What are the prime factors of f(l)?
2, 3
Suppose 5*w - 4*r = 15, 2*r - 12 = -4*w - 0*r. Suppose -3*v - 15 = w*l, 3*v = 2*l - 9 - 6. Suppose c = -l*c + 55. List the prime factors of c.
5, 11
Suppose -3538*l - 485144 = -3612*l. List the prime factors of l.
2, 11, 149
List the prime factors of (-16)/12*(-3242415)/860.
11, 457
What are the prime factors of 24/63*-7*-13161?
2, 41, 107
Suppose 0 = -j + 4*p + 19252, 3*j + p - 47231 = 10538. List the prime factors of j.
2, 29, 83
Suppose 765*y - 770*y = -2360. Suppose y = 4*m + 5*p - 4351, 4*p = -4. What are the prime factors of m?
17, 71
Suppose -2*i + 1 = -9, i = 3*v - 10. Suppose 2*d = 3*d - 2. Suppose v*f = d*g + f - 56, g - 48 = -2*f. What are the prime factors of g?
2, 19
Suppose 3*o - 45 = 4*h - 23, -2*o - 3*h = 8. Let f = -112 - -189. Suppose o*i - 3*i + f = 0. What are the prime factors of i?
7, 11
Suppose 3*g + 13147 = 5*f, -33*g + 5246 = 2*f - 31*g. What are the prime factors of f?
37, 71
Let j be (-3)/3 + (-992 - 4)/(-6). Let k = j - -260. List the prime factors of k.
5, 17
What are the prime factors of (1/5*-2)/((-264)/30465600)?
2, 5, 577
Suppose -73*s + 209*s - 3176714 = 1136798. List the prime factors of s.
7, 23, 197
Suppose 21*j - d = 17*j + 30473, 3*d = 3*j - 22866. List the prime factors of j.
3, 2539
Suppose -7*l = -11*l - 2*m + 6046, -4*l - 3*m = -6039. What are the prime factors of l?
3, 5, 101
Let z = 24 + -13. List the prime factors of 161 - (z/(-5) + (-5)/(-25)).
163
Let v(n) = 58*n - 187. Let r = -708 + 739. What are the prime factors of v(r)?
3, 179
What are the prime factors of 30/(-4)*(-3448 + 34)?
3, 5, 569
Suppose 26*g = 29*g - 210. Let a = g - 50. Suppose -a = -4*t, -u + 0*t + t = -147. What are the prime factors of u?
2, 19
Suppose 0 = 21*i - 17*i. Suppose i = 4*v + k - 256, 3*v + 5*k + 84 = 293. Suppose -740 = -68*l + v*l. What are the prime factors of l?
2, 37
Let z = -24 - -24. Suppose z = -f - f + a + 802, 5*a + 10 = 0. List the prime factors of f.
2, 5
Let g(j) = -j**3 + 17*j**2 + 36*j + 3. Suppose -8*a + 23 = -113. Let l be g(a). Suppose -4*c - l = -7*c. List the prime factors of c.
5, 41
Suppose -14*k - 350 + 420 = 0. Suppose -2*s + 2*n = -934, -2*n + 5*n + 1869 = 4*s. Suppose k*z - s = 247. What are the prime factors of z?
11, 13
Suppose 4*t = -44 - 44. Let o = -19 - t. Suppose o*p = -5*x + 285, -p = -0*p + 4*x - 102. What are the prime factors of p?
2, 3, 5
List the prime factors of (-157)/(((-24)/162)/4).
3, 157
Let b(q) = -6*q**3 + q**2 - 4*q + 1. Let c(i) = 7*i + 24. Let z be c(-21). Let y = z - -120. List the prime factors of b(y).
2, 23
Let t(o) = -8*o + 41. Let f be t(6). What are the prime factors of ((-18)/(-1) - f)*29/1?
5, 29
Let j(z) = 4*z**3 + z - 4. Let v = -54 - -56. Let r = v - -1. What are the prime factors of j(r)?
107
Let t = 102 - 123. Let s(p) = -40*p + 38. List the prime factors of s(t).
2, 439
What are the prime factors of (246/(-369))/(2/(-840))?
2, 5, 7
List the prime factors of (-16 + 994/70)*-1065.
3, 71
Suppose 5*w - 10 = -5. Let k be ((9 - 4) + -13)/(w/(-2)). Let f(j) = -j**2 + 22*j - 26. What are the prime factors of f(k)?
2, 5, 7
Let g = 2